{"id":21,"date":"2022-01-29T22:43:56","date_gmt":"2022-01-29T22:43:56","guid":{"rendered":"https:\/\/dronsec.hu\/about\/"},"modified":"2023-12-09T21:42:43","modified_gmt":"2023-12-09T21:42:43","slug":"about","status":"publish","type":"page","link":"https:\/\/dronsec.hu\/?page_id=21","title":{"rendered":"Inf\u00f3"},"content":{"rendered":"\n\n\n\n<h4>Inf\u00f3<\/h4>\n\n\n<h2>R\u00f3lunk<\/h2>\n\n\n<p>Csapatunk tagjai f\u0151leg volt \u00e9letv\u00e9delmi ter\u00fcleten dolgoz\u00f3 rend\u0151r\u00f6k, biztons\u00e1gtechnikai szakemberek, \u00f6nv\u00e9delmi oktat\u00f3k \u00e9s dr\u00f3n pil\u00f3t\u00e1k, kieg\u00e9sz\u00fclve tov\u00e1bbi szolg\u00e1ltat\u00e1sainkkal, \u00edgy p\u00e9ld\u00e1ul, de a teljess\u00e9g ig\u00e9nye n\u00e9lk\u00fcl  t\u0171zolt\u00f3kt\u00f3l \u00e9s professzion\u00e1lis \u00e9p\u00fclet takar\u00edt\u00f3kig, akik az \u00d6n ig\u00e9nyeinek megfelel\u0151en szakszer\u0171en k\u00e9pesek a szolg\u00e1ltat\u00e1sainkat a k\u00e9r\u00e9s\u00e9nek megfelel\u0151en az adott feladatot ell\u00e1tni.\n<\/p><p>A DronSec &#8211; MV Sec &#8211; Detective az OAVE csoport tagja.<\/p>\n\n\n\n\n\n\n\n\n\n\n\n\n\n\n\n\n\n\n\n\n\n\n\n\n<h4>Megb\u00edz\u00e1saink id\u0151tartama alatt, a Generali Biztos\u00edt\u00f3 Zrt.-n\u00e9l k\u00f6t\u00f6tt teljes k\u00f6r\u0171 kock\u00e1zati \u00e9s felel\u0151ss\u00e9gbiztos\u00edt\u00e1ssal rendelkez\u00fcnk. <\/h4><h4>Felel\u0151ss\u00e9gbiztos\u00edt\u00e1sunk olyan k\u00e1resem\u00e9nyekre terjed ki, amelyek a v\u00e1llalkoz\u00e1s keret\u00e9ben v\u00e9gzett, a szem\u00e9ly- \u00e9s vagyonv\u00e9delmi, valamint a mag\u00e1nnyomoz\u00f3i tev\u00e9kenys\u00e9g szab\u00e1lyair\u00f3l sz\u00f3l\u00f3 2005. \u00e9vi CXXXIII. t\u00f6rv\u00e9ny alapj\u00e1n a szolg\u00e1ltat\u00e1s sor\u00e1n a megb\u00edz\u00f3t, vagy megrendel\u0151t \u00e9rhetik.<\/h4>\n\n\n\n\n\n\n\n\nCsapatunk tagjai az \u00d6n ig\u00e9ny\u00e9nek megfelel\u0151en 24\/7 gondoskodik a rendr\u0151l, fegyelemr\u0151l \u00e9s a biztons\u00e1gr\u00f3l!\n\n\n\n","protected":false},"excerpt":{"rendered":"","protected":false},"author":1,"featured_media":0,"parent":0,"menu_order":0,"comment_status":"closed","ping_status":"closed","template":"","meta":[],"yoast_head":"<!-- This site is optimized with the Yoast SEO plugin v18.0 - https:\/\/yoast.com\/wordpress\/plugins\/seo\/ -->\n<title>Inf\u00f3 - Dron Sec<\/title>\n<meta name=\"robots\" content=\"index, follow, max-snippet:-1, max-image-preview:large, max-video-preview:-1\" \/>\n<link rel=\"canonical\" href=\"https:\/\/dronsec.hu\/?page_id=21\" \/>\n<meta property=\"og:locale\" content=\"hu_HU\" \/>\n<meta property=\"og:type\" content=\"article\" \/>\n<meta property=\"og:title\" content=\"Inf\u00f3 - Dron Sec\" \/>\n<meta property=\"og:url\" content=\"https:\/\/dronsec.hu\/?page_id=21\" \/>\n<meta property=\"og:site_name\" content=\"Dron Sec\" \/>\n<meta property=\"article:modified_time\" content=\"2023-12-09T21:42:43+00:00\" \/>\n<meta name=\"twitter:card\" content=\"summary_large_image\" \/>\n<meta name=\"twitter:label1\" content=\"Becs\u00fclt olvas\u00e1si id\u0151\" \/>\n\t<meta name=\"twitter:data1\" content=\"1 perc\" \/>\n<script type=\"application\/ld+json\" class=\"yoast-schema-graph\">{\"@context\":\"https:\/\/schema.org\",\"@graph\":[{\"@type\":\"WebSite\",\"@id\":\"https:\/\/dronsec.hu\/#website\",\"url\":\"https:\/\/dronsec.hu\/\",\"name\":\"Dron Sec\",\"description\":\"Dron Security\",\"potentialAction\":[{\"@type\":\"SearchAction\",\"target\":{\"@type\":\"EntryPoint\",\"urlTemplate\":\"https:\/\/dronsec.hu\/?s={search_term_string}\"},\"query-input\":\"required name=search_term_string\"}],\"inLanguage\":\"hu\"},{\"@type\":\"WebPage\",\"@id\":\"https:\/\/dronsec.hu\/?page_id=21#webpage\",\"url\":\"https:\/\/dronsec.hu\/?page_id=21\",\"name\":\"Inf\u00f3 - Dron Sec\",\"isPartOf\":{\"@id\":\"https:\/\/dronsec.hu\/#website\"},\"datePublished\":\"2022-01-29T22:43:56+00:00\",\"dateModified\":\"2023-12-09T21:42:43+00:00\",\"breadcrumb\":{\"@id\":\"https:\/\/dronsec.hu\/?page_id=21#breadcrumb\"},\"inLanguage\":\"hu\",\"potentialAction\":[{\"@type\":\"ReadAction\",\"target\":[\"https:\/\/dronsec.hu\/?page_id=21\"]}]},{\"@type\":\"BreadcrumbList\",\"@id\":\"https:\/\/dronsec.hu\/?page_id=21#breadcrumb\",\"itemListElement\":[{\"@type\":\"ListItem\",\"position\":1,\"name\":\"Home\",\"item\":\"https:\/\/dronsec.hu\/\"},{\"@type\":\"ListItem\",\"position\":2,\"name\":\"Inf\u00f3\"}]}]}<\/script>\n<!-- \/ Yoast SEO plugin. -->","yoast_head_json":{"title":"Inf\u00f3 - Dron Sec","robots":{"index":"index","follow":"follow","max-snippet":"max-snippet:-1","max-image-preview":"max-image-preview:large","max-video-preview":"max-video-preview:-1"},"canonical":"https:\/\/dronsec.hu\/?page_id=21","og_locale":"hu_HU","og_type":"article","og_title":"Inf\u00f3 - Dron Sec","og_url":"https:\/\/dronsec.hu\/?page_id=21","og_site_name":"Dron Sec","article_modified_time":"2023-12-09T21:42:43+00:00","twitter_card":"summary_large_image","twitter_misc":{"Becs\u00fclt olvas\u00e1si id\u0151":"1 perc"},"schema":{"@context":"https:\/\/schema.org","@graph":[{"@type":"WebSite","@id":"https:\/\/dronsec.hu\/#website","url":"https:\/\/dronsec.hu\/","name":"Dron Sec","description":"Dron Security","potentialAction":[{"@type":"SearchAction","target":{"@type":"EntryPoint","urlTemplate":"https:\/\/dronsec.hu\/?s={search_term_string}"},"query-input":"required name=search_term_string"}],"inLanguage":"hu"},{"@type":"WebPage","@id":"https:\/\/dronsec.hu\/?page_id=21#webpage","url":"https:\/\/dronsec.hu\/?page_id=21","name":"Inf\u00f3 - Dron Sec","isPartOf":{"@id":"https:\/\/dronsec.hu\/#website"},"datePublished":"2022-01-29T22:43:56+00:00","dateModified":"2023-12-09T21:42:43+00:00","breadcrumb":{"@id":"https:\/\/dronsec.hu\/?page_id=21#breadcrumb"},"inLanguage":"hu","potentialAction":[{"@type":"ReadAction","target":["https:\/\/dronsec.hu\/?page_id=21"]}]},{"@type":"BreadcrumbList","@id":"https:\/\/dronsec.hu\/?page_id=21#breadcrumb","itemListElement":[{"@type":"ListItem","position":1,"name":"Home","item":"https:\/\/dronsec.hu\/"},{"@type":"ListItem","position":2,"name":"Inf\u00f3"}]}]}},"_links":{"self":[{"href":"https:\/\/dronsec.hu\/index.php?rest_route=\/wp\/v2\/pages\/21"}],"collection":[{"href":"https:\/\/dronsec.hu\/index.php?rest_route=\/wp\/v2\/pages"}],"about":[{"href":"https:\/\/dronsec.hu\/index.php?rest_route=\/wp\/v2\/types\/page"}],"author":[{"embeddable":true,"href":"https:\/\/dronsec.hu\/index.php?rest_route=\/wp\/v2\/users\/1"}],"replies":[{"embeddable":true,"href":"https:\/\/dronsec.hu\/index.php?rest_route=%2Fwp%2Fv2%2Fcomments&post=21"}],"version-history":[{"count":34,"href":"https:\/\/dronsec.hu\/index.php?rest_route=\/wp\/v2\/pages\/21\/revisions"}],"predecessor-version":[{"id":480,"href":"https:\/\/dronsec.hu\/index.php?rest_route=\/wp\/v2\/pages\/21\/revisions\/480"}],"wp:attachment":[{"href":"https:\/\/dronsec.hu\/index.php?rest_route=%2Fwp%2Fv2%2Fmedia&parent=21"}],"curies":[{"name":"wp","href":"https:\/\/api.w.org\/{rel}","templated":true}]}}